{"id":1591,"date":"2024-08-22T19:53:15","date_gmt":"2024-08-22T17:53:15","guid":{"rendered":"https:\/\/devprojects2022.lifemoz.com\/Revetium\/?page_id=1591"},"modified":"2024-08-22T20:14:44","modified_gmt":"2024-08-22T18:14:44","slug":"mobilier-urbain","status":"publish","type":"page","link":"https:\/\/devprojects2022.lifemoz.com\/Revetium\/nos-collections\/collection-aragonite\/mobilier-urbain\/","title":{"rendered":"Mobilier urbain"},"content":{"rendered":"<div class=\"wpb-content-wrapper\"><p>[vc_row][vc_column][\/vc_column][\/vc_row][vc_row][vc_column][vc_tta_tabs color=\u00a0\u00bbwhite\u00a0\u00bb active_section=\u00a0\u00bb1&Prime; css=\u00a0\u00bb.vc_custom_1707297382961{padding-top: 0px !important;padding-right: 0px !important;padding-bottom: 0px !important;padding-left: 0px !important;}\u00a0\u00bb][vc_tta_section title=\u00a0\u00bbMobili\u00e9 urbain\u00a0\u00bb tab_id=\u00a0\u00bbMobili\u00e9 urbain\u00a0\u00bb][vc_column_text]\n\n\n<div class=\"picto-taches\">\n  <img decoding=\"async\" src=\"https:\/\/devprojects2022.lifemoz.com\/Revetium\/wp-content\/uploads\/2024\/08\/Sans-titre-133.png\" \/>\n<\/div>\n\n<div id=\"wpv-view-layout-1370-CATTRaac5f2f01f34e2eb769494c0e3490687\" class=\"js-wpv-view-layout js-wpv-layout-responsive js-wpv-view-layout-1370-CATTRaac5f2f01f34e2eb769494c0e3490687\" data-viewnumber=\"1370-CATTRaac5f2f01f34e2eb769494c0e3490687\" data-pagination=\"{&quot;id&quot;:&quot;1370&quot;,&quot;query&quot;:&quot;normal&quot;,&quot;type&quot;:&quot;disabled&quot;,&quot;effect&quot;:&quot;fade&quot;,&quot;duration&quot;:500,&quot;speed&quot;:5,&quot;pause_on_hover&quot;:&quot;enabled&quot;,&quot;stop_rollover&quot;:&quot;false&quot;,&quot;cache_pages&quot;:&quot;enabled&quot;,&quot;preload_images&quot;:&quot;enabled&quot;,&quot;preload_pages&quot;:&quot;enabled&quot;,&quot;preload_reach&quot;:1,&quot;spinner&quot;:&quot;builtin&quot;,&quot;spinner_image&quot;:&quot;https:\/\/devprojects2022.lifemoz.com\/Revetium\/wp-content\/plugins\/wp-views\/embedded\/res\/img\/ajax-loader.gif&quot;,&quot;callback_next&quot;:&quot;&quot;,&quot;manage_history&quot;:&quot;enabled&quot;,&quot;has_controls_in_form&quot;:&quot;disabled&quot;,&quot;infinite_tolerance&quot;:&quot;0&quot;,&quot;max_pages&quot;:0,&quot;page&quot;:1,&quot;base_permalink&quot;:&quot;\/Revetium\/wp-json\/wp\/v2\/pages\/1591?wpv_view_count=1370-CATTRaac5f2f01f34e2eb769494c0e3490687&amp;wpv_paged=WPV_PAGE_NUM&quot;,&quot;loop&quot;:{&quot;type&quot;:&quot;&quot;,&quot;name&quot;:&quot;&quot;,&quot;data&quot;:[],&quot;id&quot;:0}}\" data-permalink=\"\/Revetium\/wp-json\/wp\/v2\/pages\/1591?wpv_view_count=1370-CATTRaac5f2f01f34e2eb769494c0e3490687\">\n\n\t\n\n\t\n\t\n\n<table width=\"100%\" class=\"wpv-loop js-wpv-loop\">\n\n\t\t<thead class='has-bg-accent'>\n    \t <tr>\n         <th><span>Banc Flamm\u00e9<\/span><\/th>\n         <th><span>Dimensions axonom\u00e9triques<\/span><\/th>\n\t\t <th><span>Dimensions profil<\/span><\/th>\n         <th><span>Poids<\/span><\/th>\n         <th><span>Niveau de teinte<\/span><\/th>\n        <\/tr>\n        <\/thead>\n<!--- first --->\n\t\t<tr class=\"container-rev\">\n\t\t  <td class='border-el dm-value'>\n\t\t<div class='product-img'style='background-image:url(https:\/\/devprojects2022.lifemoz.com\/Revetium\/wp-content\/uploads\/2024\/08\/Banc-3.png);'><\/div>\n\t<\/td>\n\t\t  <td class='border-el el-axonometriques'>\n\t\t\n<div class='dimention-axonometriques-svg' style=\"background-image:url(https:\/\/devprojects2022.lifemoz.com\/Revetium\/wp-content\/uploads\/Produits_Menara_Revetium\/Dimensions_Collections\/Mobilier_Urbain\/Dimensions_axonometriques\/Dim_axo_Banc_flamme.svg); \"><\/div>\n\n          <\/td>\n\t\n\t<td class='border-el el-profil'>\n\t\t\t\t\t\t<div class='dimention-profil-svg' style=\"background-image:url(https:\/\/devprojects2022.lifemoz.com\/Revetium\/wp-content\/uploads\/Produits_Menara_Revetium\/Dimensions_Collections\/Mobilier_Urbain\/Dimensions_profil\/Dim_profil_Banc_flamme.svg); \"><\/div>\n\n          <\/td>\n\t\t  <td class='border-el '>\n\t\t    <li><span class='weight-element'>565 kg<\/span><\/li>\n\t<\/td>\n\t\t  <td class='border-el'>\n        \n <div><img src='' \/><span class='td-masse'>Teint\u00e9 dans la masse<\/span><\/div>\n \n\n\n \n            \n            \n<\/td>\n\t\t<\/tr>\n<\/table>\n\n\t\n<table width=\"100%\" class=\"wpv-loop js-wpv-loop\">\n\n\t\t<thead class='has-bg-accent'>\n    \t <tr>\n         <th><span>Corbeille Flamm\u00e9e 1<\/span><\/th>\n         <th><span>Dimensions axonom\u00e9triques<\/span><\/th>\n\t\t <th><span>Dimensions profil<\/span><\/th>\n         <th><span>Poids<\/span><\/th>\n         <th><span>Niveau de teinte<\/span><\/th>\n        <\/tr>\n        <\/thead>\n<!--- first --->\n\t\t<tr class=\"container-rev\">\n\t\t  <td class='border-el dm-value'>\n\t\t<div class='product-img'style='background-image:url(https:\/\/devprojects2022.lifemoz.com\/Revetium\/wp-content\/uploads\/2024\/08\/Corb1-2.png);'><\/div>\n\t<\/td>\n\t\t  <td class='border-el el-axonometriques'>\n\t\t\n<div class='dimention-axonometriques-svg' style=\"background-image:url(https:\/\/devprojects2022.lifemoz.com\/Revetium\/wp-content\/uploads\/Produits_Menara_Revetium\/Dimensions_Collections\/Mobilier_Urbain\/Dimensions_axonometriques\/Dim_axo_Corbeille_flammee_1.svg); \"><\/div>\n\n          <\/td>\n\t\n\t<td class='border-el el-profil'>\n\t\t\t\t\t\t<div class='dimention-profil-svg' style=\"background-image:url(https:\/\/devprojects2022.lifemoz.com\/Revetium\/wp-content\/uploads\/Produits_Menara_Revetium\/Dimensions_Collections\/Mobilier_Urbain\/Dimensions_profil\/Dim_profil_Corbeille_flammee_1.svg); \"><\/div>\n\n          <\/td>\n\t\t  <td class='border-el '>\n\t\t    <li><span class='weight-element'>102 kg<\/span><\/li>\n\t<\/td>\n\t\t  <td class='border-el'>\n        \n <div><img src='' \/><span class='td-masse'>Teint\u00e9 dans la masse<\/span><\/div>\n \n\n\n \n            \n            \n<\/td>\n\t\t<\/tr>\n<\/table>\n\n\t\n<table width=\"100%\" class=\"wpv-loop js-wpv-loop\">\n\n\t\t<thead class='has-bg-accent'>\n    \t <tr>\n         <th><span>Corbeille Flamm\u00e9e 2<\/span><\/th>\n         <th><span>Dimensions axonom\u00e9triques<\/span><\/th>\n\t\t <th><span>Dimensions profil<\/span><\/th>\n         <th><span>Poids<\/span><\/th>\n         <th><span>Niveau de teinte<\/span><\/th>\n        <\/tr>\n        <\/thead>\n<!--- first --->\n\t\t<tr class=\"container-rev\">\n\t\t  <td class='border-el dm-value'>\n\t\t<div class='product-img'style='background-image:url(https:\/\/devprojects2022.lifemoz.com\/Revetium\/wp-content\/uploads\/2024\/08\/Corb2-2.png);'><\/div>\n\t<\/td>\n\t\t  <td class='border-el el-axonometriques'>\n\t\t\n<div class='dimention-axonometriques-svg' style=\"background-image:url(https:\/\/devprojects2022.lifemoz.com\/Revetium\/wp-content\/uploads\/Produits_Menara_Revetium\/Dimensions_Collections\/Mobilier_Urbain\/Dimensions_axonometriques\/Dim_axo_Corbeille_flammee_2.svg); \"><\/div>\n\n          <\/td>\n\t\n\t<td class='border-el el-profil'>\n\t\t\t\t\t\t<div class='dimention-profil-svg' style=\"background-image:url(https:\/\/devprojects2022.lifemoz.com\/Revetium\/wp-content\/uploads\/Produits_Menara_Revetium\/Dimensions_Collections\/Mobilier_Urbain\/Dimensions_profil\/Dim_profil_Corbeille_flammee_2.svg); \"><\/div>\n\n          <\/td>\n\t\t  <td class='border-el '>\n\t\t    <li><span class='weight-element'>180 kg<\/span><\/li>\n\t<\/td>\n\t\t  <td class='border-el'>\n        \n <div><img src='' \/><span class='td-masse'>Teint\u00e9 dans la masse<\/span><\/div>\n \n\n\n \n            \n            \n<\/td>\n\t\t<\/tr>\n<\/table>\n\n\t\n<table width=\"100%\" class=\"wpv-loop js-wpv-loop\">\n\n\t\t<thead class='has-bg-accent'>\n    \t <tr>\n         <th><span>Jardini\u00e9re Flamm\u00e9e<\/span><\/th>\n         <th><span>Dimensions axonom\u00e9triques<\/span><\/th>\n\t\t <th><span>Dimensions profil<\/span><\/th>\n         <th><span>Poids<\/span><\/th>\n         <th><span>Niveau de teinte<\/span><\/th>\n        <\/tr>\n        <\/thead>\n<!--- first --->\n\t\t<tr class=\"container-rev\">\n\t\t  <td class='border-el dm-value'>\n\t\t<div class='product-img'style='background-image:url(https:\/\/devprojects2022.lifemoz.com\/Revetium\/wp-content\/uploads\/2024\/08\/Jard-3.png);'><\/div>\n\t<\/td>\n\t\t  <td class='border-el el-axonometriques'>\n\t\t\n<div class='dimention-axonometriques-svg' style=\"background-image:url(https:\/\/devprojects2022.lifemoz.com\/Revetium\/wp-content\/uploads\/Produits_Menara_Revetium\/Dimensions_Collections\/Mobilier_Urbain\/Dimensions_axonometriques\/Dim_axo_Jardiniers_flammee.svg); \"><\/div>\n\n          <\/td>\n\t\n\t<td class='border-el el-profil'>\n\t\t\t\t\t\t<div class='dimention-profil-svg' style=\"background-image:url(https:\/\/devprojects2022.lifemoz.com\/Revetium\/wp-content\/uploads\/Produits_Menara_Revetium\/Dimensions_Collections\/Mobilier_Urbain\/Dimensions_profil\/Dim_profil_Jardiniers_flammee.svg); \"><\/div>\n\n          <\/td>\n\t\t  <td class='border-el '>\n\t\t    <li><span class='weight-element'>275\/395 kg<\/span><\/li>\n\t<\/td>\n\t\t  <td class='border-el'>\n        \n <div><img src='' \/><span class='td-masse'>Teint\u00e9 dans la masse<\/span><\/div>\n \n\n\n \n            \n            \n<\/td>\n\t\t<\/tr>\n<\/table>\n\n\t\n\t\n\t\n\t\n<\/div>\n[\/vc_column_text][\/vc_tta_section][\/vc_tta_tabs][\/vc_column][\/vc_row]<\/p>\n<\/div>","protected":false},"excerpt":{"rendered":"<p>[vc_row][vc_column][\/vc_column][\/vc_row][vc_row][vc_column][vc_tta_tabs color=\u00a0\u00bbwhite\u00a0\u00bb active_section=\u00a0\u00bb1&Prime; css=\u00a0\u00bb.vc_custom_1707297382961{padding-top: 0px !important;padding-right: 0px !important;padding-bottom: 0px !important;padding-left: 0px !important;}\u00a0\u00bb][vc_tta_section title=\u00a0\u00bbMobili\u00e9 urbain\u00a0\u00bb tab_id=\u00a0\u00bbMobili\u00e9 urbain\u00a0\u00bb][vc_column_text] Banc Flamm\u00e9 Dimensions axonom\u00e9triques Dimensions profil Poids Niveau de teinte 565 kg Teint\u00e9 dans la masse Corbeille Flamm\u00e9e 1 Dimensions axonom\u00e9triques Dimensions profil Poids Niveau de teinte 102 kg Teint\u00e9 dans la masse Corbeille Flamm\u00e9e 2 Dimensions axonom\u00e9triques Dimensions&hellip;<\/p>\n","protected":false},"author":1,"featured_media":0,"parent":105,"menu_order":0,"comment_status":"closed","ping_status":"closed","template":"","meta":{"inline_featured_image":false,"footnotes":""},"class_list":["post-1591","page","type-page","status-publish","hentry","description-off"],"yoast_head":"<!-- This site is optimized with the Yoast SEO plugin v23.6 - https:\/\/yoast.com\/wordpress\/plugins\/seo\/ -->\n<title>Mobilier urbain - Revetium \u00ae<\/title>\n<meta name=\"robots\" content=\"index, follow, max-snippet:-1, max-image-preview:large, max-video-preview:-1\" \/>\n<link rel=\"canonical\" href=\"https:\/\/devprojects2022.lifemoz.com\/Revetium\/nos-collections\/collection-aragonite\/mobilier-urbain\/\" \/>\n<meta property=\"og:locale\" content=\"fr_FR\" \/>\n<meta property=\"og:type\" content=\"article\" \/>\n<meta property=\"og:title\" content=\"Mobilier urbain - Revetium \u00ae\" \/>\n<meta property=\"og:description\" content=\"[vc_row][vc_column][\/vc_column][\/vc_row][vc_row][vc_column][vc_tta_tabs color=\u00a0\u00bbwhite\u00a0\u00bb active_section=\u00a0\u00bb1&Prime; css=\u00a0\u00bb.vc_custom_1707297382961{padding-top: 0px !important;padding-right: 0px !important;padding-bottom: 0px !important;padding-left: 0px !important;}\u00a0\u00bb][vc_tta_section title=\u00a0\u00bbMobili\u00e9 urbain\u00a0\u00bb tab_id=\u00a0\u00bbMobili\u00e9 urbain\u00a0\u00bb][vc_column_text] Banc Flamm\u00e9 Dimensions axonom\u00e9triques Dimensions profil Poids Niveau de teinte 565 kg Teint\u00e9 dans la masse Corbeille Flamm\u00e9e 1 Dimensions axonom\u00e9triques Dimensions profil Poids Niveau de teinte 102 kg Teint\u00e9 dans la masse Corbeille Flamm\u00e9e 2 Dimensions axonom\u00e9triques Dimensions&hellip;\" \/>\n<meta property=\"og:url\" content=\"https:\/\/devprojects2022.lifemoz.com\/Revetium\/nos-collections\/collection-aragonite\/mobilier-urbain\/\" \/>\n<meta property=\"og:site_name\" content=\"Revetium \u00ae\" \/>\n<meta property=\"article:modified_time\" content=\"2024-08-22T18:14:44+00:00\" \/>\n<meta name=\"twitter:card\" content=\"summary_large_image\" \/>\n<script type=\"application\/ld+json\" class=\"yoast-schema-graph\">{\"@context\":\"https:\/\/schema.org\",\"@graph\":[{\"@type\":\"WebPage\",\"@id\":\"https:\/\/devprojects2022.lifemoz.com\/Revetium\/nos-collections\/collection-aragonite\/mobilier-urbain\/\",\"url\":\"https:\/\/devprojects2022.lifemoz.com\/Revetium\/nos-collections\/collection-aragonite\/mobilier-urbain\/\",\"name\":\"Mobilier urbain - Revetium \u00ae\",\"isPartOf\":{\"@id\":\"https:\/\/devprojects2022.lifemoz.com\/Revetium\/#website\"},\"datePublished\":\"2024-08-22T17:53:15+00:00\",\"dateModified\":\"2024-08-22T18:14:44+00:00\",\"breadcrumb\":{\"@id\":\"https:\/\/devprojects2022.lifemoz.com\/Revetium\/nos-collections\/collection-aragonite\/mobilier-urbain\/#breadcrumb\"},\"inLanguage\":\"fr-FR\",\"potentialAction\":[{\"@type\":\"ReadAction\",\"target\":[\"https:\/\/devprojects2022.lifemoz.com\/Revetium\/nos-collections\/collection-aragonite\/mobilier-urbain\/\"]}]},{\"@type\":\"BreadcrumbList\",\"@id\":\"https:\/\/devprojects2022.lifemoz.com\/Revetium\/nos-collections\/collection-aragonite\/mobilier-urbain\/#breadcrumb\",\"itemListElement\":[{\"@type\":\"ListItem\",\"position\":1,\"name\":\"Accueil\",\"item\":\"https:\/\/devprojects2022.lifemoz.com\/Revetium\/\"},{\"@type\":\"ListItem\",\"position\":2,\"name\":\"Nos Collections\",\"item\":\"https:\/\/devprojects2022.lifemoz.com\/Revetium\/nos-collections\/\"},{\"@type\":\"ListItem\",\"position\":3,\"name\":\"Collection ARAGONITE\",\"item\":\"https:\/\/devprojects2022.lifemoz.com\/Revetium\/nos-collections\/collection-aragonite\/\"},{\"@type\":\"ListItem\",\"position\":4,\"name\":\"Mobilier urbain\"}]},{\"@type\":\"WebSite\",\"@id\":\"https:\/\/devprojects2022.lifemoz.com\/Revetium\/#website\",\"url\":\"https:\/\/devprojects2022.lifemoz.com\/Revetium\/\",\"name\":\"Revetium \u00ae\",\"description\":\"par menara prefa\",\"publisher\":{\"@id\":\"https:\/\/devprojects2022.lifemoz.com\/Revetium\/#organization\"},\"potentialAction\":[{\"@type\":\"SearchAction\",\"target\":{\"@type\":\"EntryPoint\",\"urlTemplate\":\"https:\/\/devprojects2022.lifemoz.com\/Revetium\/?s={search_term_string}\"},\"query-input\":{\"@type\":\"PropertyValueSpecification\",\"valueRequired\":true,\"valueName\":\"search_term_string\"}}],\"inLanguage\":\"fr-FR\"},{\"@type\":\"Organization\",\"@id\":\"https:\/\/devprojects2022.lifemoz.com\/Revetium\/#organization\",\"name\":\"Revetium \u00ae\",\"url\":\"https:\/\/devprojects2022.lifemoz.com\/Revetium\/\",\"logo\":{\"@type\":\"ImageObject\",\"inLanguage\":\"fr-FR\",\"@id\":\"https:\/\/devprojects2022.lifemoz.com\/Revetium\/#\/schema\/logo\/image\/\",\"url\":\"https:\/\/devprojects2022.lifemoz.com\/Revetium\/wp-content\/uploads\/2024\/04\/Logo_revetium.svg\",\"contentUrl\":\"https:\/\/devprojects2022.lifemoz.com\/Revetium\/wp-content\/uploads\/2024\/04\/Logo_revetium.svg\",\"width\":\"1024\",\"height\":\"1024\",\"caption\":\"Revetium \u00ae\"},\"image\":{\"@id\":\"https:\/\/devprojects2022.lifemoz.com\/Revetium\/#\/schema\/logo\/image\/\"}}]}<\/script>\n<!-- \/ Yoast SEO plugin. -->","yoast_head_json":{"title":"Mobilier urbain - Revetium \u00ae","robots":{"index":"index","follow":"follow","max-snippet":"max-snippet:-1","max-image-preview":"max-image-preview:large","max-video-preview":"max-video-preview:-1"},"canonical":"https:\/\/devprojects2022.lifemoz.com\/Revetium\/nos-collections\/collection-aragonite\/mobilier-urbain\/","og_locale":"fr_FR","og_type":"article","og_title":"Mobilier urbain - Revetium \u00ae","og_description":"[vc_row][vc_column][\/vc_column][\/vc_row][vc_row][vc_column][vc_tta_tabs color=\u00a0\u00bbwhite\u00a0\u00bb active_section=\u00a0\u00bb1&Prime; css=\u00a0\u00bb.vc_custom_1707297382961{padding-top: 0px !important;padding-right: 0px !important;padding-bottom: 0px !important;padding-left: 0px !important;}\u00a0\u00bb][vc_tta_section title=\u00a0\u00bbMobili\u00e9 urbain\u00a0\u00bb tab_id=\u00a0\u00bbMobili\u00e9 urbain\u00a0\u00bb][vc_column_text] Banc Flamm\u00e9 Dimensions axonom\u00e9triques Dimensions profil Poids Niveau de teinte 565 kg Teint\u00e9 dans la masse Corbeille Flamm\u00e9e 1 Dimensions axonom\u00e9triques Dimensions profil Poids Niveau de teinte 102 kg Teint\u00e9 dans la masse Corbeille Flamm\u00e9e 2 Dimensions axonom\u00e9triques Dimensions&hellip;","og_url":"https:\/\/devprojects2022.lifemoz.com\/Revetium\/nos-collections\/collection-aragonite\/mobilier-urbain\/","og_site_name":"Revetium \u00ae","article_modified_time":"2024-08-22T18:14:44+00:00","twitter_card":"summary_large_image","schema":{"@context":"https:\/\/schema.org","@graph":[{"@type":"WebPage","@id":"https:\/\/devprojects2022.lifemoz.com\/Revetium\/nos-collections\/collection-aragonite\/mobilier-urbain\/","url":"https:\/\/devprojects2022.lifemoz.com\/Revetium\/nos-collections\/collection-aragonite\/mobilier-urbain\/","name":"Mobilier urbain - Revetium \u00ae","isPartOf":{"@id":"https:\/\/devprojects2022.lifemoz.com\/Revetium\/#website"},"datePublished":"2024-08-22T17:53:15+00:00","dateModified":"2024-08-22T18:14:44+00:00","breadcrumb":{"@id":"https:\/\/devprojects2022.lifemoz.com\/Revetium\/nos-collections\/collection-aragonite\/mobilier-urbain\/#breadcrumb"},"inLanguage":"fr-FR","potentialAction":[{"@type":"ReadAction","target":["https:\/\/devprojects2022.lifemoz.com\/Revetium\/nos-collections\/collection-aragonite\/mobilier-urbain\/"]}]},{"@type":"BreadcrumbList","@id":"https:\/\/devprojects2022.lifemoz.com\/Revetium\/nos-collections\/collection-aragonite\/mobilier-urbain\/#breadcrumb","itemListElement":[{"@type":"ListItem","position":1,"name":"Accueil","item":"https:\/\/devprojects2022.lifemoz.com\/Revetium\/"},{"@type":"ListItem","position":2,"name":"Nos Collections","item":"https:\/\/devprojects2022.lifemoz.com\/Revetium\/nos-collections\/"},{"@type":"ListItem","position":3,"name":"Collection ARAGONITE","item":"https:\/\/devprojects2022.lifemoz.com\/Revetium\/nos-collections\/collection-aragonite\/"},{"@type":"ListItem","position":4,"name":"Mobilier urbain"}]},{"@type":"WebSite","@id":"https:\/\/devprojects2022.lifemoz.com\/Revetium\/#website","url":"https:\/\/devprojects2022.lifemoz.com\/Revetium\/","name":"Revetium \u00ae","description":"par menara prefa","publisher":{"@id":"https:\/\/devprojects2022.lifemoz.com\/Revetium\/#organization"},"potentialAction":[{"@type":"SearchAction","target":{"@type":"EntryPoint","urlTemplate":"https:\/\/devprojects2022.lifemoz.com\/Revetium\/?s={search_term_string}"},"query-input":{"@type":"PropertyValueSpecification","valueRequired":true,"valueName":"search_term_string"}}],"inLanguage":"fr-FR"},{"@type":"Organization","@id":"https:\/\/devprojects2022.lifemoz.com\/Revetium\/#organization","name":"Revetium \u00ae","url":"https:\/\/devprojects2022.lifemoz.com\/Revetium\/","logo":{"@type":"ImageObject","inLanguage":"fr-FR","@id":"https:\/\/devprojects2022.lifemoz.com\/Revetium\/#\/schema\/logo\/image\/","url":"https:\/\/devprojects2022.lifemoz.com\/Revetium\/wp-content\/uploads\/2024\/04\/Logo_revetium.svg","contentUrl":"https:\/\/devprojects2022.lifemoz.com\/Revetium\/wp-content\/uploads\/2024\/04\/Logo_revetium.svg","width":"1024","height":"1024","caption":"Revetium \u00ae"},"image":{"@id":"https:\/\/devprojects2022.lifemoz.com\/Revetium\/#\/schema\/logo\/image\/"}}]}},"_links":{"self":[{"href":"https:\/\/devprojects2022.lifemoz.com\/Revetium\/wp-json\/wp\/v2\/pages\/1591","targetHints":{"allow":["GET"]}}],"collection":[{"href":"https:\/\/devprojects2022.lifemoz.com\/Revetium\/wp-json\/wp\/v2\/pages"}],"about":[{"href":"https:\/\/devprojects2022.lifemoz.com\/Revetium\/wp-json\/wp\/v2\/types\/page"}],"author":[{"embeddable":true,"href":"https:\/\/devprojects2022.lifemoz.com\/Revetium\/wp-json\/wp\/v2\/users\/1"}],"replies":[{"embeddable":true,"href":"https:\/\/devprojects2022.lifemoz.com\/Revetium\/wp-json\/wp\/v2\/comments?post=1591"}],"version-history":[{"count":2,"href":"https:\/\/devprojects2022.lifemoz.com\/Revetium\/wp-json\/wp\/v2\/pages\/1591\/revisions"}],"predecessor-version":[{"id":1622,"href":"https:\/\/devprojects2022.lifemoz.com\/Revetium\/wp-json\/wp\/v2\/pages\/1591\/revisions\/1622"}],"up":[{"embeddable":true,"href":"https:\/\/devprojects2022.lifemoz.com\/Revetium\/wp-json\/wp\/v2\/pages\/105"}],"wp:attachment":[{"href":"https:\/\/devprojects2022.lifemoz.com\/Revetium\/wp-json\/wp\/v2\/media?parent=1591"}],"curies":[{"name":"wp","href":"https:\/\/api.w.org\/{rel}","templated":true}]}}