{"id":34,"date":"2023-09-19T15:59:32","date_gmt":"2023-09-19T12:59:32","guid":{"rendered":"https:\/\/devprojects2022.lifemoz.com\/rabat-cci\/?page_id=34"},"modified":"2024-03-11T19:40:23","modified_gmt":"2024-03-11T16:40:23","slug":"la-ccis-en-bref","status":"publish","type":"page","link":"https:\/\/devprojects2022.lifemoz.com\/rabat-cci\/votre-ccis\/la-ccis-en-bref\/","title":{"rendered":"La CCISRSK en bref"},"content":{"rendered":"<h3>Historique<\/h3>\n<p>Cr\u00e9\u00e9e le 26 juin 1914, la Chambre de Commerce d&rsquo;Industrie et de Services de la R\u00e9gion de Rabat-Sal\u00e9-K\u00e9nitra est un Etablissement public dot\u00e9 de la personnalit\u00e9 morale et de l\u2019autonomie financi\u00e8re. Elle est plac\u00e9e sous la tutelle du Minist\u00e8re du Commerce et de l\u2019Industrie.<\/p>\n<h3>Missions<\/h3>\n<p>\u2022 Repr\u00e9sentative;<br \/>\n\u2022 Consultative;<br \/>\n\u2022 Administrative;<br \/>\n\u2022 Promotion \u00e9conomique.<\/p>\n<h4>La CCIS de la R\u00e9gion de Rabat-Sal\u00e9-K\u00e9nitra en bref<\/h4>\n<h5>Fichier T\u00e9l\u00e9charger<\/h5>\n<ul>\n<li><a href=\"https:\/\/devprojects2022.lifemoz.com\/rabat-cci\/wp-content\/uploads\/2024\/03\/587f59113480b.pdf\">Statut de 1977<\/a><\/li>\n<li><a href=\"https:\/\/devprojects2022.lifemoz.com\/rabat-cci\/wp-content\/uploads\/2024\/03\/587f5605151d6.pdf\">Modifications de 1997<\/a><\/li>\n<li><a href=\"https:\/\/devprojects2022.lifemoz.com\/rabat-cci\/wp-content\/uploads\/2024\/03\/587f552604fdf.pdf\">Statut 21 F\u00e9vrier 2013<\/a><\/li>\n<\/ul>\n<p>&nbsp;<\/p>\n","protected":false},"excerpt":{"rendered":"<p>Historique Cr\u00e9\u00e9e le 26 juin 1914, la Chambre de Commerce d&rsquo;Industrie et de Services de la R\u00e9gion de Rabat-Sal\u00e9-K\u00e9nitra est un Etablissement public dot\u00e9 de la personnalit\u00e9 morale et de&hellip;<\/p>\n","protected":false},"author":1,"featured_media":0,"parent":32,"menu_order":0,"comment_status":"closed","ping_status":"closed","template":"","meta":{"inline_featured_image":false,"footnotes":""},"yoast_head":"<!-- This site is optimized with the Yoast SEO plugin v21.3 - https:\/\/yoast.com\/wordpress\/plugins\/seo\/ -->\n<title>La CCISRSK en bref - \u063a\u0631\u0641\u0629 \u0627\u0644\u062a\u062c\u0627\u0631\u0629 \u0648\u0627\u0644\u0635\u0646\u0627\u0639\u0629 \u0648\u0627\u0644\u062e\u062f\u0645\u0627\u062a \u0644\u062c\u0647\u0629 \u0627\u0644\u0631\u0628\u0627\u0637 \u0633\u0644\u0627 \u0627\u0644\u0642\u0646\u064a\u0637\u0631\u0629<\/title>\n<meta name=\"robots\" content=\"index, follow, max-snippet:-1, max-image-preview:large, max-video-preview:-1\" \/>\n<link rel=\"canonical\" href=\"https:\/\/devprojects2022.lifemoz.com\/rabat-cci\/fr\/votre-ccis\/la-ccis-en-bref\/\" \/>\n<meta property=\"og:locale\" content=\"fr_FR\" \/>\n<meta property=\"og:type\" content=\"article\" \/>\n<meta property=\"og:title\" content=\"La CCISRSK en bref - \u063a\u0631\u0641\u0629 \u0627\u0644\u062a\u062c\u0627\u0631\u0629 \u0648\u0627\u0644\u0635\u0646\u0627\u0639\u0629 \u0648\u0627\u0644\u062e\u062f\u0645\u0627\u062a \u0644\u062c\u0647\u0629 \u0627\u0644\u0631\u0628\u0627\u0637 \u0633\u0644\u0627 \u0627\u0644\u0642\u0646\u064a\u0637\u0631\u0629\" \/>\n<meta property=\"og:description\" content=\"Historique Cr\u00e9\u00e9e le 26 juin 1914, la Chambre de Commerce d&rsquo;Industrie et de Services de la R\u00e9gion de Rabat-Sal\u00e9-K\u00e9nitra est un Etablissement public dot\u00e9 de la personnalit\u00e9 morale et de&hellip;\" \/>\n<meta property=\"og:url\" content=\"https:\/\/devprojects2022.lifemoz.com\/rabat-cci\/fr\/votre-ccis\/la-ccis-en-bref\/\" \/>\n<meta property=\"og:site_name\" content=\"\u063a\u0631\u0641\u0629 \u0627\u0644\u062a\u062c\u0627\u0631\u0629 \u0648\u0627\u0644\u0635\u0646\u0627\u0639\u0629 \u0648\u0627\u0644\u062e\u062f\u0645\u0627\u062a \u0644\u062c\u0647\u0629 \u0627\u0644\u0631\u0628\u0627\u0637 \u0633\u0644\u0627 \u0627\u0644\u0642\u0646\u064a\u0637\u0631\u0629\" \/>\n<meta property=\"article:modified_time\" content=\"2024-03-11T16:40:23+00:00\" \/>\n<meta name=\"twitter:card\" content=\"summary_large_image\" \/>\n<meta name=\"twitter:label1\" content=\"Dur\u00e9e de lecture estim\u00e9e\" \/>\n\t<meta name=\"twitter:data1\" content=\"1 minute\" \/>\n<script type=\"application\/ld+json\" class=\"yoast-schema-graph\">{\"@context\":\"https:\/\/schema.org\",\"@graph\":[{\"@type\":\"WebPage\",\"@id\":\"https:\/\/devprojects2022.lifemoz.com\/rabat-cci\/fr\/votre-ccis\/la-ccis-en-bref\/\",\"url\":\"https:\/\/devprojects2022.lifemoz.com\/rabat-cci\/fr\/votre-ccis\/la-ccis-en-bref\/\",\"name\":\"La CCISRSK en bref - \u063a\u0631\u0641\u0629 \u0627\u0644\u062a\u062c\u0627\u0631\u0629 \u0648\u0627\u0644\u0635\u0646\u0627\u0639\u0629 \u0648\u0627\u0644\u062e\u062f\u0645\u0627\u062a \u0644\u062c\u0647\u0629 \u0627\u0644\u0631\u0628\u0627\u0637 \u0633\u0644\u0627 \u0627\u0644\u0642\u0646\u064a\u0637\u0631\u0629\",\"isPartOf\":{\"@id\":\"https:\/\/devprojects2022.lifemoz.com\/rabat-cci\/#website\"},\"datePublished\":\"2023-09-19T12:59:32+00:00\",\"dateModified\":\"2024-03-11T16:40:23+00:00\",\"breadcrumb\":{\"@id\":\"https:\/\/devprojects2022.lifemoz.com\/rabat-cci\/fr\/votre-ccis\/la-ccis-en-bref\/#breadcrumb\"},\"inLanguage\":\"fr-FR\",\"potentialAction\":[{\"@type\":\"ReadAction\",\"target\":[\"https:\/\/devprojects2022.lifemoz.com\/rabat-cci\/fr\/votre-ccis\/la-ccis-en-bref\/\"]}]},{\"@type\":\"BreadcrumbList\",\"@id\":\"https:\/\/devprojects2022.lifemoz.com\/rabat-cci\/fr\/votre-ccis\/la-ccis-en-bref\/#breadcrumb\",\"itemListElement\":[{\"@type\":\"ListItem\",\"position\":1,\"name\":\"Accueil\",\"item\":\"https:\/\/devprojects2022.lifemoz.com\/rabat-cci\/\"},{\"@type\":\"ListItem\",\"position\":2,\"name\":\"Votre CCIS\",\"item\":\"https:\/\/devprojects2022.lifemoz.com\/rabat-cci\/fr\/votre-ccis\/\"},{\"@type\":\"ListItem\",\"position\":3,\"name\":\"La CCISRSK en bref\"}]},{\"@type\":\"WebSite\",\"@id\":\"https:\/\/devprojects2022.lifemoz.com\/rabat-cci\/#website\",\"url\":\"https:\/\/devprojects2022.lifemoz.com\/rabat-cci\/\",\"name\":\"\u063a\u0631\u0641\u0629 \u0627\u0644\u062a\u062c\u0627\u0631\u0629 \u0648\u0627\u0644\u0635\u0646\u0627\u0639\u0629 \u0648\u0627\u0644\u062e\u062f\u0645\u0627\u062a \u0644\u062c\u0647\u0629 \u0627\u0644\u0631\u0628\u0627\u0637 \u0633\u0644\u0627 \u0627\u0644\u0642\u0646\u064a\u0637\u0631\u0629\",\"description\":\"\",\"potentialAction\":[{\"@type\":\"SearchAction\",\"target\":{\"@type\":\"EntryPoint\",\"urlTemplate\":\"https:\/\/devprojects2022.lifemoz.com\/rabat-cci\/?s={search_term_string}\"},\"query-input\":\"required name=search_term_string\"}],\"inLanguage\":\"fr-FR\"}]}<\/script>\n<!-- \/ Yoast SEO plugin. -->","yoast_head_json":{"title":"La CCISRSK en bref - \u063a\u0631\u0641\u0629 \u0627\u0644\u062a\u062c\u0627\u0631\u0629 \u0648\u0627\u0644\u0635\u0646\u0627\u0639\u0629 \u0648\u0627\u0644\u062e\u062f\u0645\u0627\u062a \u0644\u062c\u0647\u0629 \u0627\u0644\u0631\u0628\u0627\u0637 \u0633\u0644\u0627 \u0627\u0644\u0642\u0646\u064a\u0637\u0631\u0629","robots":{"index":"index","follow":"follow","max-snippet":"max-snippet:-1","max-image-preview":"max-image-preview:large","max-video-preview":"max-video-preview:-1"},"canonical":"https:\/\/devprojects2022.lifemoz.com\/rabat-cci\/fr\/votre-ccis\/la-ccis-en-bref\/","og_locale":"fr_FR","og_type":"article","og_title":"La CCISRSK en bref - \u063a\u0631\u0641\u0629 \u0627\u0644\u062a\u062c\u0627\u0631\u0629 \u0648\u0627\u0644\u0635\u0646\u0627\u0639\u0629 \u0648\u0627\u0644\u062e\u062f\u0645\u0627\u062a \u0644\u062c\u0647\u0629 \u0627\u0644\u0631\u0628\u0627\u0637 \u0633\u0644\u0627 \u0627\u0644\u0642\u0646\u064a\u0637\u0631\u0629","og_description":"Historique Cr\u00e9\u00e9e le 26 juin 1914, la Chambre de Commerce d&rsquo;Industrie et de Services de la R\u00e9gion de Rabat-Sal\u00e9-K\u00e9nitra est un Etablissement public dot\u00e9 de la personnalit\u00e9 morale et de&hellip;","og_url":"https:\/\/devprojects2022.lifemoz.com\/rabat-cci\/fr\/votre-ccis\/la-ccis-en-bref\/","og_site_name":"\u063a\u0631\u0641\u0629 \u0627\u0644\u062a\u062c\u0627\u0631\u0629 \u0648\u0627\u0644\u0635\u0646\u0627\u0639\u0629 \u0648\u0627\u0644\u062e\u062f\u0645\u0627\u062a \u0644\u062c\u0647\u0629 \u0627\u0644\u0631\u0628\u0627\u0637 \u0633\u0644\u0627 \u0627\u0644\u0642\u0646\u064a\u0637\u0631\u0629","article_modified_time":"2024-03-11T16:40:23+00:00","twitter_card":"summary_large_image","twitter_misc":{"Dur\u00e9e de lecture estim\u00e9e":"1 minute"},"schema":{"@context":"https:\/\/schema.org","@graph":[{"@type":"WebPage","@id":"https:\/\/devprojects2022.lifemoz.com\/rabat-cci\/fr\/votre-ccis\/la-ccis-en-bref\/","url":"https:\/\/devprojects2022.lifemoz.com\/rabat-cci\/fr\/votre-ccis\/la-ccis-en-bref\/","name":"La CCISRSK en bref - \u063a\u0631\u0641\u0629 \u0627\u0644\u062a\u062c\u0627\u0631\u0629 \u0648\u0627\u0644\u0635\u0646\u0627\u0639\u0629 \u0648\u0627\u0644\u062e\u062f\u0645\u0627\u062a \u0644\u062c\u0647\u0629 \u0627\u0644\u0631\u0628\u0627\u0637 \u0633\u0644\u0627 \u0627\u0644\u0642\u0646\u064a\u0637\u0631\u0629","isPartOf":{"@id":"https:\/\/devprojects2022.lifemoz.com\/rabat-cci\/#website"},"datePublished":"2023-09-19T12:59:32+00:00","dateModified":"2024-03-11T16:40:23+00:00","breadcrumb":{"@id":"https:\/\/devprojects2022.lifemoz.com\/rabat-cci\/fr\/votre-ccis\/la-ccis-en-bref\/#breadcrumb"},"inLanguage":"fr-FR","potentialAction":[{"@type":"ReadAction","target":["https:\/\/devprojects2022.lifemoz.com\/rabat-cci\/fr\/votre-ccis\/la-ccis-en-bref\/"]}]},{"@type":"BreadcrumbList","@id":"https:\/\/devprojects2022.lifemoz.com\/rabat-cci\/fr\/votre-ccis\/la-ccis-en-bref\/#breadcrumb","itemListElement":[{"@type":"ListItem","position":1,"name":"Accueil","item":"https:\/\/devprojects2022.lifemoz.com\/rabat-cci\/"},{"@type":"ListItem","position":2,"name":"Votre CCIS","item":"https:\/\/devprojects2022.lifemoz.com\/rabat-cci\/fr\/votre-ccis\/"},{"@type":"ListItem","position":3,"name":"La CCISRSK en bref"}]},{"@type":"WebSite","@id":"https:\/\/devprojects2022.lifemoz.com\/rabat-cci\/#website","url":"https:\/\/devprojects2022.lifemoz.com\/rabat-cci\/","name":"\u063a\u0631\u0641\u0629 \u0627\u0644\u062a\u062c\u0627\u0631\u0629 \u0648\u0627\u0644\u0635\u0646\u0627\u0639\u0629 \u0648\u0627\u0644\u062e\u062f\u0645\u0627\u062a \u0644\u062c\u0647\u0629 \u0627\u0644\u0631\u0628\u0627\u0637 \u0633\u0644\u0627 \u0627\u0644\u0642\u0646\u064a\u0637\u0631\u0629","description":"","potentialAction":[{"@type":"SearchAction","target":{"@type":"EntryPoint","urlTemplate":"https:\/\/devprojects2022.lifemoz.com\/rabat-cci\/?s={search_term_string}"},"query-input":"required name=search_term_string"}],"inLanguage":"fr-FR"}]}},"_links":{"self":[{"href":"https:\/\/devprojects2022.lifemoz.com\/rabat-cci\/wp-json\/wp\/v2\/pages\/34"}],"collection":[{"href":"https:\/\/devprojects2022.lifemoz.com\/rabat-cci\/wp-json\/wp\/v2\/pages"}],"about":[{"href":"https:\/\/devprojects2022.lifemoz.com\/rabat-cci\/wp-json\/wp\/v2\/types\/page"}],"author":[{"embeddable":true,"href":"https:\/\/devprojects2022.lifemoz.com\/rabat-cci\/wp-json\/wp\/v2\/users\/1"}],"replies":[{"embeddable":true,"href":"https:\/\/devprojects2022.lifemoz.com\/rabat-cci\/wp-json\/wp\/v2\/comments?post=34"}],"version-history":[{"count":6,"href":"https:\/\/devprojects2022.lifemoz.com\/rabat-cci\/wp-json\/wp\/v2\/pages\/34\/revisions"}],"predecessor-version":[{"id":614,"href":"https:\/\/devprojects2022.lifemoz.com\/rabat-cci\/wp-json\/wp\/v2\/pages\/34\/revisions\/614"}],"up":[{"embeddable":true,"href":"https:\/\/devprojects2022.lifemoz.com\/rabat-cci\/wp-json\/wp\/v2\/pages\/32"}],"wp:attachment":[{"href":"https:\/\/devprojects2022.lifemoz.com\/rabat-cci\/wp-json\/wp\/v2\/media?parent=34"}],"curies":[{"name":"wp","href":"https:\/\/api.w.org\/{rel}","templated":true}]}}